he value of (-1 - 2) + (-6 - -11) - 1?
1
What is 10 + 8 + -13 + -8?
-3
What is (4 - (6 - 5)) + -1 + 2?
4
What is the value of 1 + -2 + -3 + 4?
0
(-3 - -5) + (-4 - -2) - 2
-2
0 - (2 - 7) - 11
-6
What is -2 + 6 + -9 + 7 + 3?
5
Evaluate 2 + 4 + (4 - 5).
5
6 - (0 - (-1 + 0) - 0)
5
What is the value of (9 - (-6 + 17)) + -3?
-5
Calculate (5 - (6 - -3)) + 7.
3
Evaluate 11 - 0 - 7 - 8.
-4
What is -6 - (-4 - -7 - -2 - 16)?
5
(-25 - -29) + (-1 - (-7 - -2))
8
0 + 10 + 0 + -5
5
0 + 0 + -2 + 4 + 0
2
What is (3 - -14) + -14 - (9 + -3)?
-3
What is -5 - (2 - (-6 - -3 - -8))?
-2
What is (-2 - -6) + 3 - 14?
-7
Calculate -1 + (1 + -3 + 2 - -3).
2
Calculate 8 - (5 + (20 - 8) + -7).
-2
What is the value of 0 + (-4 - 1 - (32 - 40))?
3
-1 + 3 + (0 - 0)
2
Evaluate 1 + 6 - (-5 - (-8 - 9)).
-5
What is the value of (14 - 8) + -8 + 1 + 0?
-1
8 + 7 + -21 - -13
7
Evaluate 19 + -20 + -5 + 2.
-4
Evaluate -1 - (1 + (-7 - -13)).
-8
What is -9 + (6 - 3) + 6?
0
Calculate 2 - (4 + (0 - 2)).
0
Evaluate 4 + (6 - 7) + 1.
4
What is 8 + 0 - (-22 - (-28 - -9))?
11
Evaluate (2 - 0) + 0 - 3.
-1
Evaluate -1 - (2 + 6 - 5).
-4
What is the value of (2 - (-7 - (-17 - -1))) + 8?
1
8 - 5 - (-1 + 3) - -2
3
-1 + 0 + 4 + (-11 - 0)
-8
What is the value of 14 + -14 + (4 - 8)?
-4
What is the value of (2 + -4 - 0) + -3?
-5
What is -1 + (1 - (6 + -4)) + 3?
1
Calculate 3 - 7 - (-1 - -4 - 4).
-3
What is the value of (-2 - -2) + 1 + 1?
2
-14 - -18 - (1 + -2)
5
-4 - (-4 - (5 - 4))
1
What is the value of -1 + (24 - 18) + 1 + -5?
1
What is -23 - -21 - (-4 + -1)?
3
-3 - (2 - (8 - 1))
2
Evaluate (10 - 4 - 1) + 8 + -6.
7
What is -6 + 0 + (9 - 5 - 0)?
-2
What is (-1 - -7) + -27 + 16 - -7?
2
What is (-23 - -20) + 8 + -1 + 2?
6
What is 3 - 1 - 6 - (-6 - -6)?
-4
3 + -7 - -5 - -1
2
Evaluate 4 + -6 - -1 - -5.
4
Evaluate 3 - (10 + -6 + (2 - 1)).
-2
Calculate -6 + 9 + -1 - (0 + -3).
5
What is the value of 0 - (-1 - (3 + -5)) - 0?
-1
What is -44 - -49 - (0 - -1)?
4
1 - -1 - -3 - (2 + 0)
3
What is 2 + (-8 - -9) + (-5 - -1)?
-1
What is the value of 2 + 0 + -5 - -5?
2
Evaluate (-17 - -7 - -13) + 6.
9
(17 - (7 - 2)) + -6
6
-3 + 11 + -8 + -5 + -1
-6
-13 + (20 - 11) - -9
5
Calculate (1 - 7) + (-32 - -40).
2
What is 13 - 2 - (2 + 3)?
6
Calculate 17 - 13 - (1 - 6).
9
(-2 - -4) + (-1 - 3)
-2
Calculate 1 + 1 + 1 + (67 - 70).
0
93 + -92 + 0 + -1
0
-1 - ((3 - 1 - 0) + -3)
0
Calculate 4 - (-12 + (9 - 2)).
9
Evaluate 9 + -4 + (4 - 7).
2
Calculate -5 - 4 - (-2 - 3).
-4
Evaluate 3 - (0 + 1 + -1) - 2.
1
What is -1 + (-1 + 3 + -1 - -5)?
5
What is the value of 2 + -6 + (-7 - -2) - -6?
-3
Calculate 2 + -1 + (24 - 30).
-5
-24 - -23 - ((0 - 7) + 2)
4
Evaluate -4 + (2 + -7 - -3).
-6
-1 - ((-4 - 0) + 4)
-1
2 + 2 + -5 + (-1 - -3)
1
(6 - -6 - 0) + -20
-8
What is the value of (6 - 5) + (-2 - -6) + 2?
7
Calculate 7 + 2 + -12 + 4.
1
Calculate 16 + -8 + -9 + 2.
1
Evaluate 2 - ((0 - 0) + -2).
4
What is the value of (4 - 3) + (3 - 6) + 2?
0
8 + -8 + -4 + 5 - 1
0
What is the value of (0 + (-1 - -4) - 4) + 7?
6
Calculate -3 + -1 + 14 + -4 + 1.
7
Evaluate -40 + 48 + (0 - 4).
4
(-7 - -2) + 3 + 2 + 0
0
What is 0 + 0 - (2 + 1)?
-3
Calculate -2 + 6 + -3 + 3.
4
What is the value of -5 + 0 + (12 - 9)?
-2
(5 - 6) + 8 - 5 - -3
5
What is the value of 4 + -10 + 0 + (2 - -4)?
0
What is the value of 12 + 3 + (-4 - 12) + 8?
7
What is (2 - -10) + -20 + 5?
-3
(-3 - (-8 + 7)) + 3
1
What is -5 + 9 - (2 - (-1 + 1))?
2
What is (-9 - -5 - -10) + -9?
-3
(11 - 3) + 4 + 1 + -8
5
What is -3 - (3 + -2 + 3 - 3)?
-4
Evaluate 2 + 6 + -12 + 8.
4
Calculate -7 - (-1 + 12 - 18).
0
What is -1 + 3 + (1 - 6) + 0?
-3
What is (2 - 4) + (-6 - -11 - 1)?
2
What is -4 + (4 - (8 + -4))?
-4
What is 1 + 5 + -4 - 0?
2
What is the value of 8 - (-3 + 7) - (1 - -2)?
1
Calculate 7 + 9 + -5 + -7.
4
Calculate (0 - ((2 - 2) + -3)) + -6.
-3
Evaluate (-1 - -9) + -36 + 25.
-3
1 + 10 + -5 + -10
-4
Evaluate -4 + 4 - (0 + -3).
3
Calculate (20 - 25) + (3 - 0) + 2.
0
Evaluate 2 + (-5 - (-8 - -5)).
0
-9 + 3 - (-2 - 6) - 9
-7
What is (-1 - 2) + 0 + 1 + 0?
-2
(-6 + 1 + 0 - -4) + 4
3
0 + -4 - (8 + -14) - -3
5
What is 6 + -1 + (7 - 8)?
4
What is the value of 8 + -7 + -2 + 0?
-1
Calculate (-12 + 22 - 4) + (0 - 4).
2
Evaluate -1 + -13 + (-17 - -29).
-2
(2 - 3) + -2 + 0 - -7
4
-6 + (-3 - -3) + 3
-3
Calculate -3 + 5 - (3 - 3).
2
(99 - 108) + (-1 - -12)
2
Evaluate 2 + (-7 - (-1 - 3)) + 6.
5
What is the value of (-12 - 0) + 16 + -15?
-11
Calculate 2 - (5 - (3 + -2) - 6).
4
Evaluate (-8 + 4 - 1) + 15 - 7.
3
What is the value of (9 - 4) + -14 - (1 + -7)?
-3
What is -6 - -11 - (2 + 11 - 2)?
-6
Calculate 5 + 0 + -5 + 3.
3
What is 3 - (2 - (-1 - -1) - -3)?
-2
What is the value of (-19 - -13 - (1 + 1)) + 6?
-2
Calculate 12 + -3 + -2 - 4.
3
-7 - (-13 + 5 + 6)
-5
Calculate 1 + 0 + 0 + -2.
-1
Evaluate 2 - (2 - -4 - 2).
-2
What is the value of 1 - (-3 - -2 - -4)?
-2
Evaluate (2 - (7 - 1)) + 8.
4
-1 - 1 - (-1 + (-1 - -4))
-4
What is the value of 6 + (-2 - 0) + 1?
5
Calculate -1 - ((0 - 2) + 3).
-2
What is 5 + -1 + (1 - (-2 - -3))?
4
What is the value of 0 + (1 - -3) + -3?
1
0 + -1 + 2 + (7 - 13)
-5
(7 - (21 + -8)) + (-1 - -5)
-2
(-4 - (1 + (4 - 5))) + 1
-3
What is the value of -4 + (16 - (4 - (-4 + 1)))?
5
What is 0 + 1 + (-25 - -15) + -1?
-10
What is the value of (-2 - -1) + (0 - 2 - -4)?
1
Evaluate 12 + -3 + -8 + 6.
7
What is the value of 7 - 11 - (1 - 0)?
-5
Evaluate 0 + (-2 - 1) - (-3 - -8).
-8
-9 + 4 + 7 + -6
-4
1 + -9 + 1 + -12 + 12
-7
Evaluate 2 - (-3 + 5 + 2).
-2
Calculate -8 + 5 - (-2 + -8 + 4).
3
Evaluate -6 + 10 + -2 - -3 - 12.
-7
Calculate 7 - (9 + 1 + -5).
2
Calculate 1 + -5 + -1 - -3.
-2
What is (2 - -2) + -1 + -3?
0
Evaluate -1 + -1 + -1 - (-5 + 4).
-2
What is 0 + 11 - (-96 + 105)?
2
Calculate 1 + 1 - (-6 + -7 + 13).
2
0 - -3 - (-2 - (4 + -8))
1
Calculate (2 + 0 - 9) + 2 + 0.
-5
Evaluate -2 - ((11 - 4) + -3).
-6
-4 + 7 - 3 - (4 + 1)
-5
What is the value of 2 + (2 - -3 - 5)?
2
Evaluate 0 - 5 - (-74 + 68).
1
-3 + 0 + -4 + (2 - -4)
-1
Evaluate (-12 - -1) + (-21 - -29).
-3
What is 5 + -10 + (-3 - -12)?
4
-16 + (-2 + -6 - (5 - 21))
-8
Calculate 5 + 6 + -9 + -8.
-6
What is -4 + -3 + 10 + -5?
-2
Calculate -6 - 1 - (1 + -9).
1
Calculate -3 + 3 + (-16 - -5 - -9).
-2
What is the value of 7 - 11 - (-8 + 2)?
2
What is the value of 2 + -5 - -1 - (-7 + 5)?
0
-3 + 8 - (2 - (-2 - -4))
5
Calculate -5 + (0 - -4 - -1).
0
What is (4 - 7) + 9 - 2?
4
Evaluate (-11 - -12 - -13) + -7.
7
What is -5 + 10 - 5 - (6 + -8)?
2
Calculate -2 - -3 - (4 + 1).
-4
(-7 - -1) + (-11 - -7)
-10
Evaluate 14 + -6 + -6 - (1 + -1).
2
What is the value of 2 + 7 + 23 + -25?
7
What is the value of 1 + 2 + -10 + 9?
2
What is the value of 5 + (16 - 12) + (2 - 4)?
7
17 - (9 - -2) - (7 + -1)
0
What is -5 - ((-24 - -20) + (2 - 1))?
-2
-1 + 0 - (-2 + 4)
-3
What is -12 + 10 - (0 + -2)?
0
What is -9 + 4 + (10 - 3)?
2
What is -6 - 1 - (-4 + 3 - 1)?
-5
Evaluate (20 - (-2 + 16)) + -14.
-8
What is 3 + -1 + -6 + 2?
-2
What is the value of -70 + 79 - (8 + 0)?
1
Evaluate (-9 - -14) + -2 + 0 - -4.
7
What is -2 + (5 - (6 - 1)) + 11?
9
Evaluate -2 - (5 - 8) - (5 + -1).
-3
What is the value of 6 + -15 + 9 - 1?
-1
What is -2 - (1 + -4 - (2 - 6))?
-3
-2 + (13 - 5 - 3 - 4)
-1
Calculate -137 + 136 + (-1 - -1 - -7).
6
Evaluate 4 - 1 - 2 - (-7 - -4).
4
What is 4 + (2 - (0 + (2 - -2)))?
2
0 - (-4 - (1 + 1 + -1))
5
Evaluate (-6 - (1 - (-6 - -5))) + 3.
-5
Evaluate 1 + (-2 - (6 + -7)).
0
Calculate 3 + (-4 - 2 - (-9 + 2)).
4
What is 1 + 2 + -3 - (6 + -11)?
5
Evaluate -7 + (5 - 1) + 7.
4
What is the value of -6 + (3 - -1) + -5 - -2?
-5
Evaluate 0 - ((-2 - (0 + 2)) + 9).
-5
What is the value of -220 + 222 + (0 - (1 + 0))?
1
Calculate -5 - (3 + (-2 - (-1 - -3))).
-4
What is 8 - ((-10 - -4) + 7)?
7
(10 - 8) + (0 - 14) - -5
-7
-2 + 4 + -2 + 1
1
Evaluate 6 + (-3 - (14 - 9)).
-2
What is 13 + -3 - (28 + -19)?
1
What is -2 + (0 - 4) - (-5 - -1)?
-2
5 + -1 + (2 - 4)
2
-1 - (1 + 1) - (-6 + 2)
1
Evaluate (-3 - (-8 + -3 + 6)) + 4.
6
What is the value of -6 + (-6 - -9 - -2)?
-1
What is the value of (0 - 2 - -7) + 1?
6
Calculate 16 + -13 - (3 + 0 + -1).
1
What is the value of 4 - -3 - (-1 + (3 - -1))?
4
Evaluate (-6 - (-3 + 4)) + (5 - 1).
-3
(-10 + 8 - (-3 + -1)) + -7
-5
What is 0 + -5 - (-5 + 10)?
-10
What is the value of (-7 + 8 - (-3 - -6)) + 6?
4
What is (-11 - (-5 + 0)) + 8?
2
Calculate -7 + 2 - -1 - 